{"id":50,"date":"2018-05-21T18:25:32","date_gmt":"2018-05-21T16:25:32","guid":{"rendered":"https:\/\/www.bwt-swissedition.ch\/cms\/?page_id=50"},"modified":"2018-06-19T11:44:14","modified_gmt":"2018-06-19T09:44:14","slug":"impressum","status":"publish","type":"page","link":"https:\/\/www.bwt-swissedition.ch\/cms\/impressum\/","title":{"rendered":"Impressum"},"content":{"rendered":"<p>[et_pb_section bb_built=&#8220;1&#8243;][et_pb_row][et_pb_column type=&#8220;1_4&#8243;][et_pb_text admin_label=&#8220;Text Herausgeber&#8220; _builder_version=&#8220;3.5.1&#8243; header_3_font=&#8220;Montserrat|700||on|||||&#8220; header_3_text_color=&#8220;#676c6e&#8220; header_3_line_height=&#8220;1.1em&#8220;]<\/p>\n<h3>Medieninhaber, <br \/>Herausgeber &amp; <br \/>Hersteller:<\/h3>\n<p>[\/et_pb_text][\/et_pb_column][et_pb_column type=&#8220;3_4&#8243;][et_pb_text admin_label=&#8220;Headline Impressum&#8220; _builder_version=&#8220;3.5.1&#8243; header_font=&#8220;Montserrat|700||on|||||&#8220; header_font_size=&#8220;45px&#8220; header_font_size_tablet=&#8220;35px&#8220; header_font_size_phone=&#8220;25px&#8220; header_font_size_last_edited=&#8220;on|phone&#8220; header_text_color=&#8220;#676c6e&#8220;]<\/p>\n<h1>Impressum<\/h1>\n<hr \/>\n<p>[\/et_pb_text][\/et_pb_column][\/et_pb_row][et_pb_row][et_pb_column type=&#8220;1_4&#8243;][et_pb_text admin_label=&#8220;Text Adresse&#8220; _builder_version=&#8220;3.5.1&#8243;]<\/p>\n<hr \/>\n<p><strong>BWT AQUA AG<\/strong><br \/>Hauptstrasse 192<br \/>4147 Aesch\/BL<br \/>Schweiz<\/p>\n<hr \/>\n<p><strong>E-Mail<\/strong> <a href=\"mailto:info@bwt-aqua.ch\">info@bwt-aqua.ch<\/a><br \/><strong>Telefon<\/strong> +41 (0)61 755 88 99<\/p>\n<hr \/>\n<p><strong>UID-Nr.:<\/strong> <br \/>CHE-109.549.474<br \/><strong>Handelsregister-Nr.:<\/strong> <br \/>CH-280.3.005.585-9<\/p>\n<hr \/>\n<p><strong>Gesch\u00e4ftsf\u00fchrung<\/strong><br \/>Patrik Jermann<\/p>\n<hr \/>\n<p><strong>Gewerbe<\/strong><br \/>Trinkwassernachbehandlung<\/p>\n<p>[\/et_pb_text][\/et_pb_column][et_pb_column type=&#8220;3_4&#8243;][et_pb_text admin_label=&#8220;Text Rechtshinweis&#8220; _builder_version=&#8220;3.5.1&#8243; header_3_font=&#8220;Montserrat|700||on|||||&#8220; header_3_text_color=&#8220;#676c6e&#8220; header_3_line_height=&#8220;1.1em&#8220;]<\/p>\n<h3>Rechtshinweis, Nutzungsbedingungen<\/h3>\n<p>Die auf dieser Website dargestellten kostenfreien Informationen dienen ausschliesslich Ihrer Information. Wir \u00fcbernehmen keinerlei Gew\u00e4hr f\u00fcr die Richtigkeit, Vollst\u00e4ndigkeit oder Aktualit\u00e4t der bereitgestellten Informationen. Anspr\u00fcche aus Auskunft, Empfehlung oder Beratung k\u00f6nnen aus der Bereitstellung nicht hergeleitet werden. Eine Haftung f\u00fcr Sch\u00e4den ist grunds\u00e4tzlich ausgeschlossen, soweit nicht Vorsatz oder grobe Fahrl\u00e4ssigkeit von uns zu vertreten ist.<\/p>\n<p>Wir behalten uns vor, die Webseiten jederzeit zu ver\u00e4ndern, zu erg\u00e4nzen oder zu l\u00f6schen. Ziele von Verweisen, die von unseren Seiten auf fremde Internetseiten angebracht wurden, hatten zum Zeitpunkt der Linksetzung keine von uns erkennbaren gesetzwidrigen Inhalte. Wir haben jedoch auf diese fremden Internetinhalte keinen Einfluss und distanzieren uns hiermit von den dort zur Verf\u00fcgung gestellten Inhalten ausdr\u00fccklich. Insbesondere k\u00f6nnen wir nicht daf\u00fcr garantieren, dass andere Internet-Seiten der angelinkten Webpr\u00e4senz ausschliesslich rechtlich einwandfreie Inhalte bereithalten, ebenso wenig daf\u00fcr, dass die angelinkte Internetseite nicht nachtr\u00e4glich in rechtlich nicht einwandfreier Weise ver\u00e4ndert wurde.<\/p>\n<p>Die auf den Seiten erw\u00e4hnten Markenbezeichnungen sind auf unseren Webseiten nicht in jedem Fall als solche gekennzeichnet. Wir weisen darauf hin, dass diese dennoch den Regeln des Kennzeichenrechts unterworfen sind.<\/p>\n<p>Die von uns erstellten Texte, Programme, Grafiken sowie Audio- und Videodateien unterliegen unserem Nutzungs- und Verwertungsrecht und d\u00fcrfen nur mit unserer Zustimmung vervielf\u00e4ltigt oder verbreitet werden.<\/p>\n<p>Die Eingabe von personenbezogenen Daten des Benutzers erfolgt freiwillig und ist keine Voraussetzung zur Nutzung unserer angebotenen Tele- oder Mediendienste. Wir weisen darauf hin, dass vom Nutzer zu unserer weiteren Verwendung bestimmte Daten gespeichert und verarbeitet werden.<\/p>\n<p>Falls einzelne Klauseln dieser Haftungsbeschr\u00e4nkungserkl\u00e4rung nicht oder nicht mehr den geltenden gesetzlichen Vorschriften entsprechen, bleibt davon die G\u00fcltigkeit der \u00fcbrigen Klauseln unber\u00fchrt.<\/p>\n<p>[\/et_pb_text][\/et_pb_column][\/et_pb_row][\/et_pb_section]<\/p>\n","protected":false},"excerpt":{"rendered":"<p><div class=\"et_pb_row et_pb_row_0 et_pb_row_empty\">\n\t\t\t\t\n\t\t\t\t\n\t\t\t\t\n\t\t\t\t\n\t\t\t\t\n\t\t\t<\/div> Medieninhaber, Herausgeber &amp; Hersteller: Impressum <div class=\"et_pb_row et_pb_row_1 et_pb_row_empty\">\n\t\t\t\t\n\t\t\t\t\n\t\t\t\t\n\t\t\t\t\n\t\t\t\t\n\t\t\t<\/div> BWT AQUA AGHauptstrasse 1924147 Aesch\/BLSchweizE-Mail info@bwt-aqua.chTelefon +41 (0)61 755 88 99UID-Nr.: CHE-109.549.474Handelsregister-Nr.: CH-280.3.005.585-9Gesch\u00e4ftsf\u00fchrungPatrik JermannGewerbeTrinkwassernachbehandlung Rechtshinweis, NutzungsbedingungenDie auf dieser Website dargestellten kostenfreien Informationen dienen ausschliesslich Ihrer Information. Wir \u00fcbernehmen keinerlei Gew\u00e4hr f\u00fcr die Richtigkeit, Vollst\u00e4ndigkeit oder Aktualit\u00e4t der bereitgestellten Informationen. Anspr\u00fcche aus Auskunft, Empfehlung oder Beratung k\u00f6nnen aus der [&hellip;]<\/p>\n","protected":false},"author":1,"featured_media":0,"parent":0,"menu_order":12,"comment_status":"closed","ping_status":"closed","template":"","meta":{"_et_pb_use_builder":"on","_et_pb_old_content":"","_et_gb_content_width":"","footnotes":""},"_links":{"self":[{"href":"https:\/\/www.bwt-swissedition.ch\/cms\/wp-json\/wp\/v2\/pages\/50"}],"collection":[{"href":"https:\/\/www.bwt-swissedition.ch\/cms\/wp-json\/wp\/v2\/pages"}],"about":[{"href":"https:\/\/www.bwt-swissedition.ch\/cms\/wp-json\/wp\/v2\/types\/page"}],"author":[{"embeddable":true,"href":"https:\/\/www.bwt-swissedition.ch\/cms\/wp-json\/wp\/v2\/users\/1"}],"replies":[{"embeddable":true,"href":"https:\/\/www.bwt-swissedition.ch\/cms\/wp-json\/wp\/v2\/comments?post=50"}],"version-history":[{"count":17,"href":"https:\/\/www.bwt-swissedition.ch\/cms\/wp-json\/wp\/v2\/pages\/50\/revisions"}],"predecessor-version":[{"id":540,"href":"https:\/\/www.bwt-swissedition.ch\/cms\/wp-json\/wp\/v2\/pages\/50\/revisions\/540"}],"wp:attachment":[{"href":"https:\/\/www.bwt-swissedition.ch\/cms\/wp-json\/wp\/v2\/media?parent=50"}],"curies":[{"name":"wp","href":"https:\/\/api.w.org\/{rel}","templated":true}]}}