{"id":590,"date":"2018-07-02T15:33:26","date_gmt":"2018-07-02T13:33:26","guid":{"rendered":"https:\/\/www.bwt-swissedition.ch\/cms\/?page_id=590"},"modified":"2018-07-11T18:59:21","modified_gmt":"2018-07-11T16:59:21","slug":"magnesium-mineralizer","status":"publish","type":"page","link":"https:\/\/www.bwt-swissedition.ch\/cms\/magnesium-mineralizer\/","title":{"rendered":"Magnesium Mineralizer"},"content":{"rendered":"<p>[et_pb_section bb_built=&#8220;1&#8243; admin_label=&#8220;Hero&#8220; _builder_version=&#8220;3.5.1&#8243; use_background_color_gradient=&#8220;on&#8220; background_color_gradient_start=&#8220;#ffffff&#8220; background_color_gradient_end=&#8220;rgba(216,206,199,0.49)&#8220; background_image=&#8220;https:\/\/www.bwt-swissedition.ch\/cms\/wp-content\/uploads\/2018\/07\/BWT-SE-Wasserhahn-Grohe-1920&#215;1080.jpg&#8220; background_blend=&#8220;multiply&#8220; custom_padding=&#8220;54px|0px|0|0px|false|false&#8220; next_background_color=&#8220;#ffffff&#8220;][et_pb_row _builder_version=&#8220;3.5.1&#8243; background_size=&#8220;initial&#8220; background_position=&#8220;top_left&#8220; background_repeat=&#8220;repeat&#8220;][et_pb_column type=&#8220;4_4&#8243;][et_pb_cta admin_label=&#8220;Handlungsaufruf WASSER NICHT WASSER&#8220; button_url=&#8220;#top&#8220; _builder_version=&#8220;3.9&#8243; header_level=&#8220;h1&#8243; header_font=&#8220;Montserrat|700||on|||||&#8220; header_text_color=&#8220;rgba(216,206,199,0.8)&#8220; header_font_size=&#8220;4vw&#8220; header_font_size_last_edited=&#8220;on|phone&#8220; header_line_height=&#8220;1.1em&#8220; body_font=&#8220;Montserrat|300||on|||||&#8220; body_text_color=&#8220;#e5006c&#8220; body_font_size=&#8220;22px&#8220; body_font_size_tablet=&#8220;20px&#8220; body_font_size_phone=&#8220;16px&#8220; body_font_size_last_edited=&#8220;on|desktop&#8220; body_line_height=&#8220;1.9em&#8220; use_background_color=&#8220;off&#8220; custom_button=&#8220;on&#8220; button_text_size=&#8220;16px&#8220; button_text_color=&#8220;#e5006c&#8220; button_bg_color=&#8220;#ffffff&#8220; button_border_color=&#8220;#e5006c&#8220; button_border_radius=&#8220;60&#8243; button_letter_spacing=&#8220;1px&#8220; button_font=&#8220;|700||on|||||&#8220; button_use_icon=&#8220;off&#8220; button_text_color_hover=&#8220;#ffffff&#8220; button_bg_color_hover=&#8220;#e5006c&#8220; button_border_radius_hover=&#8220;66px&#8220; button_letter_spacing_hover=&#8220;1px&#8220; background_layout=&#8220;light&#8220; custom_margin=&#8220;20%||30%|&#8220; custom_margin_last_edited=&#8220;on|desktop&#8220; animation_style=&#8220;zoom&#8220; animation_direction=&#8220;bottom&#8220; animation_intensity_zoom=&#8220;10%&#8220;]<\/p>\n<h1 style=\"text-align: right;\"><strong><span style=\"font-family: 'Montserrat',Helvetica,Arial,Lucida,sans-serif !important; font-size: 1.5em; line-height: 1.5em; color: #e5006c;\">WASSER IST NICHT<br \/>GLEICH WASSER<\/span><\/strong><\/h1>\n<p>[\/et_pb_cta][\/et_pb_column][\/et_pb_row][\/et_pb_section][et_pb_section bb_built=&#8220;1&#8243; admin_label=&#8220;Features&#8220; custom_padding_last_edited=&#8220;on|phone&#8220; _builder_version=&#8220;3.5.1&#8243; custom_padding=&#8220;50px|50px|0px|50px&#8220; prev_background_color=&#8220;#000000&#8243; next_background_color=&#8220;#000000&#8243;][et_pb_row admin_label=&#8220;CTA Row&#8220; make_fullwidth=&#8220;on&#8220; use_custom_gutter=&#8220;on&#8220; gutter_width=&#8220;1&#8243; custom_padding=&#8220;0px|0px|0px|0px&#8220; make_equal=&#8220;on&#8220; background_color_1=&#8220;rgba(216,206,199,0.4)&#8220; bg_img_2=&#8220;https:\/\/www.bwt-swissedition.ch\/cms\/wp-content\/uploads\/2018\/07\/BWT-SH-Experten-900&#215;600.jpg&#8220; background_position_1=&#8220;bottom_center&#8220; background_position_2=&#8220;center_right&#8220; _builder_version=&#8220;3.5.1&#8243;][et_pb_column type=&#8220;1_2&#8243;][et_pb_cta admin_label=&#8220;Handlungsaufruf Experten empfehlen&#8220; title=&#8220;Experten empfehlen&#8220; button_url=&#8220;https:\/\/www.bwt-swissedition.ch\/cms\/service\/&#8220; _builder_version=&#8220;3.9&#8243; header_font=&#8220;Montserrat|700||on|||||&#8220; header_text_color=&#8220;#676c6e&#8220; header_font_size=&#8220;45px&#8220; header_font_size_phone=&#8220;35px&#8220; header_font_size_last_edited=&#8220;on|desktop&#8220; header_line_height=&#8220;1.3em&#8220; header_line_height_phone=&#8220;1.1em&#8220; header_line_height_last_edited=&#8220;on|phone&#8220; body_font=&#8220;|500|||||||&#8220; body_text_color=&#8220;#676c6e&#8220; body_font_size=&#8220;16px&#8220; body_line_height=&#8220;1.9em&#8220; use_background_color=&#8220;off&#8220; custom_button=&#8220;on&#8220; button_text_size=&#8220;16px&#8220; button_text_color=&#8220;#ffffff&#8220; button_bg_color=&#8220;#e5006c&#8220; button_border_color=&#8220;rgba(47,56,84,0)&#8220; button_border_radius=&#8220;60px&#8220; button_letter_spacing=&#8220;1px&#8220; button_font=&#8220;Montserrat|700||on|||||&#8220; button_use_icon=&#8220;off&#8220; button_text_color_hover=&#8220;#ffffff&#8220; button_bg_color_hover=&#8220;#005e90&#8243; button_border_radius_hover=&#8220;60px&#8220; button_letter_spacing_hover=&#8220;1px&#8220; button_alignment=&#8220;right&#8220; text_orientation=&#8220;right&#8220; background_layout=&#8220;light&#8220; max_width=&#8220;580px&#8220; max_width_last_edited=&#8220;on|desktop&#8220; module_alignment=&#8220;right&#8220; custom_margin=&#8220;30px||100px|&#8220; custom_margin_phone=&#8220;30px||50px|&#8220; custom_margin_last_edited=&#8220;on|phone&#8220; custom_padding=&#8220;70px|80px|50px|40px&#8220; custom_padding_last_edited=&#8220;on|desktop&#8220; animation_style=&#8220;zoom&#8220; animation_direction=&#8220;bottom&#8220; animation_intensity_zoom=&#8220;10%&#8220;]<\/p>\n<p style=\"text-align: right;\">Alle Abl\u00e4ufe im K\u00f6rper sind von einer ausreichenden Wasserzufuhr abh\u00e4ngig und regelm\u00e4ssiges Wassertrinken st\u00e4rkt K\u00f6rper und Geist, erh\u00f6ht die Leistungsf\u00e4higkeit und Motivation. Lebensmittelexperten raten neben 2,5 Liter Wasser t\u00e4glich zus\u00e4tzlich auch 300 mg Magnesium zu sich zu nehmen. Der <strong>BWT Magnesium Filter<\/strong> ist der erste, der Leitungswasser nicht nur filtert, sondern auch das wertvolle Mineral Magnesium hinzuf\u00fcgt.<\/p>\n<p>[\/et_pb_cta][\/et_pb_column][et_pb_column type=&#8220;1_2&#8243;][et_pb_divider show_divider=&#8220;off&#8220; height=&#8220;400px&#8220; _builder_version=&#8220;3.3.1&#8243;]<\/p>\n<p>&nbsp;<\/p>\n<p>[\/et_pb_divider][\/et_pb_column][\/et_pb_row][\/et_pb_section][et_pb_section bb_built=&#8220;1&#8243; admin_label=&#8220;Features&#8220; _builder_version=&#8220;3.5.1&#8243; custom_padding=&#8220;50px|50px|0px|50px&#8220; prev_background_color=&#8220;#000000&#8243; next_background_color=&#8220;#000000&#8243;][et_pb_row admin_label=&#8220;CTA Row&#8220; make_fullwidth=&#8220;on&#8220; use_custom_gutter=&#8220;on&#8220; gutter_width=&#8220;1&#8243; custom_padding=&#8220;0px|0px|0px|0px&#8220; make_equal=&#8220;on&#8220; background_color_2=&#8220;rgba(216,206,199,0.4)&#8220; bg_img_1=&#8220;https:\/\/www.bwt-swissedition.ch\/cms\/wp-content\/uploads\/2018\/06\/BWT-SE-Frau-Studio-900&#215;600.jpg&#8220; _builder_version=&#8220;3.5.1&#8243;][et_pb_column type=&#8220;1_2&#8243;][et_pb_divider show_divider=&#8220;off&#8220; height=&#8220;400px&#8220; _builder_version=&#8220;3.5.1&#8243;]<\/p>\n<p>&nbsp;<\/p>\n<p>[\/et_pb_divider][\/et_pb_column][et_pb_column type=&#8220;1_2&#8243;][et_pb_cta admin_label=&#8220;Handlungsaufruf Gutes Wasser&#8220; title=&#8220;Gutes Wasser&#8220; button_url=&#8220;#top&#8220; _builder_version=&#8220;3.9&#8243; header_font=&#8220;Montserrat|700||on|||||&#8220; header_text_color=&#8220;#676c6e&#8220; header_font_size=&#8220;45px&#8220; header_font_size_tablet=&#8220;35px&#8220; header_font_size_last_edited=&#8220;on|tablet&#8220; header_line_height=&#8220;1.3em&#8220; header_line_height_tablet=&#8220;1.2em&#8220; header_line_height_last_edited=&#8220;on|tablet&#8220; body_font=&#8220;|500|||||||&#8220; body_text_color=&#8220;#676c6e&#8220; body_font_size=&#8220;16px&#8220; body_line_height=&#8220;1.9em&#8220; use_background_color=&#8220;off&#8220; custom_button=&#8220;on&#8220; button_text_size=&#8220;16px&#8220; button_text_color=&#8220;#ffffff&#8220; button_bg_color=&#8220;#e5006c&#8220; button_border_color=&#8220;rgba(47,56,84,0)&#8220; button_border_radius=&#8220;60px&#8220; button_letter_spacing=&#8220;1px&#8220; button_font=&#8220;Montserrat|700||on|||||&#8220; button_use_icon=&#8220;off&#8220; button_text_color_hover=&#8220;#ffffff&#8220; button_bg_color_hover=&#8220;#005e90&#8243; button_border_radius_hover=&#8220;66px&#8220; button_letter_spacing_hover=&#8220;1px&#8220; button_alignment=&#8220;left&#8220; text_orientation=&#8220;left&#8220; background_layout=&#8220;light&#8220; max_width=&#8220;580px&#8220; max_width_last_edited=&#8220;on|phone&#8220; module_alignment=&#8220;left&#8220; custom_margin=&#8220;30px||50px|&#8220; custom_margin_last_edited=&#8220;on|desktop&#8220; custom_padding=&#8220;80px|80px|70px|50px&#8220; custom_padding_tablet=&#8220;50px|50px|50px|50px&#8220; custom_padding_last_edited=&#8220;on|desktop&#8220; animation_style=&#8220;zoom&#8220; animation_direction=&#8220;bottom&#8220; animation_intensity_zoom=&#8220;10%&#8220;]<\/p>\n<p>ist nicht nur wichtig f\u00fcr den K\u00f6rper, sondern auch f\u00fcr das allgemeine Wohlbefinden. Die Zugabe von Magnesium h\u00e4lt nicht nur den Mineraliengehalt des Wassers in Balance sondern st\u00e4rkt auch unser Immunsystem. Die Produkte von BWT sind nicht nur qualitativ, sondern auch hinsichtlich ihrer Wirtschaftlichkeit, eine Klasse f\u00fcr sich. Ein Liter Magnesium mineralisiertes Wasser kostet deutlich weniger als die entsprechende Menge in Wasserflaschen.<\/p>\n<p>[\/et_pb_cta][\/et_pb_column][\/et_pb_row][\/et_pb_section][et_pb_section bb_built=&#8220;1&#8243; admin_label=&#8220;Deals Section&#8220; _builder_version=&#8220;3.5.1&#8243; custom_padding=&#8220;0px|0px|0|0px|false|false&#8220; prev_background_color=&#8220;#000000&#8243; next_background_color=&#8220;#000000&#8243;][et_pb_row use_custom_gutter=&#8220;on&#8220; gutter_width=&#8220;1&#8243; custom_padding=&#8220;10px|0px|0|0px|false|false&#8220; _builder_version=&#8220;3.5.1&#8243;][et_pb_column type=&#8220;1_2&#8243;][et_pb_image admin_label=&#8220;Bild Zeichnung&#8220; src=&#8220;https:\/\/www.bwt-swissedition.ch\/cms\/wp-content\/uploads\/2018\/07\/BWT-FO-Mann-zeichnet-900&#215;600.jpg&#8220; _builder_version=&#8220;3.5.1&#8243; animation_style=&#8220;zoom&#8220; animation_intensity_zoom=&#8220;10%&#8220;]<\/p>\n<p>&nbsp;<\/p>\n<p>[\/et_pb_image][et_pb_image admin_label=&#8220;Bild Icon Magnesium&#8220; src=&#8220;https:\/\/www.bwt-swissedition.ch\/cms\/wp-content\/uploads\/2018\/07\/BWT-Icon-Magnesium-200&#215;200.gif&#8220; align=&#8220;right&#8220; disabled_on=&#8220;on||&#8220; _builder_version=&#8220;3.5.1&#8243; custom_padding=&#8220;50px|50px||&#8220; animation_style=&#8220;zoom&#8220; animation_direction=&#8220;bottom&#8220; animation_intensity_zoom=&#8220;10%&#8220;]<\/p>\n<p>&nbsp;<\/p>\n<p>[\/et_pb_image][\/et_pb_column][et_pb_column type=&#8220;1_2&#8243;][et_pb_image admin_label=&#8220;Bild K\u00fcche&#8220; src=&#8220;https:\/\/www.bwt-swissedition.ch\/cms\/wp-content\/uploads\/2018\/07\/BWT-FO-Kueche-900&#215;600.jpg&#8220; _builder_version=&#8220;3.5.1&#8243; animation_style=&#8220;zoom&#8220; animation_intensity_zoom=&#8220;10%&#8220;]<\/p>\n<p>&nbsp;<\/p>\n<p>[\/et_pb_image][et_pb_cta admin_label=&#8220;Handlungsaufruf Einfach besser im Geschmack&#8220; title=&#8220;Einfach besser im Geschmack&#8220; button_url=&#8220;#top&#8220; button_text=&#8220;Planen Sie mit BWT&#8220; _builder_version=&#8220;3.5.1&#8243; header_font=&#8220;Montserrat|700||on|||||&#8220; header_text_color=&#8220;#676c6e&#8220; header_font_size=&#8220;45px&#8220; header_font_size_tablet=&#8220;35px&#8220; header_font_size_last_edited=&#8220;on|phone&#8220; header_line_height=&#8220;1.3em&#8220; body_font=&#8220;|500|||||||&#8220; body_text_color=&#8220;#676c6e&#8220; body_font_size=&#8220;16px&#8220; body_line_height=&#8220;1.9em&#8220; use_background_color=&#8220;off&#8220; custom_button=&#8220;on&#8220; button_text_size=&#8220;16px&#8220; button_text_color=&#8220;#ffffff&#8220; button_bg_color=&#8220;#e5006c&#8220; button_border_color=&#8220;rgba(47,56,84,0)&#8220; button_border_radius=&#8220;60px&#8220; button_letter_spacing=&#8220;1px&#8220; button_font=&#8220;Montserrat|700||on|||||&#8220; button_use_icon=&#8220;off&#8220; button_text_color_hover=&#8220;#ffffff&#8220; button_bg_color_hover=&#8220;#005e90&#8243; button_border_radius_hover=&#8220;66px&#8220; button_letter_spacing_hover=&#8220;1px&#8220; button_alignment=&#8220;left&#8220; text_orientation=&#8220;left&#8220; background_layout=&#8220;light&#8220; max_width=&#8220;580px&#8220; max_width_last_edited=&#8220;on|desktop&#8220; module_alignment=&#8220;left&#8220; custom_margin=&#8220;0px||100px|&#8220; custom_padding=&#8220;50px|30px|30px|0px&#8220; animation_style=&#8220;zoom&#8220; animation_intensity_zoom=&#8220;10%&#8220;]<\/p>\n<p>Dank der <strong>AQA drink Serie<\/strong> und dem <strong>Magnesium Mineralizer Tischwasserfilter<\/strong> k\u00f6nnen Ihre Kunden das Leitungswasser direkt vor Ort in bestes wohlschmeckendes und wohltuendes Trinkwasser verwandeln.<\/p>\n<p>[\/et_pb_cta][\/et_pb_column][\/et_pb_row][\/et_pb_section][et_pb_section bb_built=&#8220;1&#8243; admin_label=&#8220;Features&#8220; custom_padding_last_edited=&#8220;on|phone&#8220; _builder_version=&#8220;3.5.1&#8243; custom_padding=&#8220;0px|50px|0px|50px&#8220; prev_background_color=&#8220;#000000&#8243; next_background_color=&#8220;#000000&#8243;][et_pb_row admin_label=&#8220;CTA Row&#8220; make_fullwidth=&#8220;on&#8220; use_custom_gutter=&#8220;on&#8220; gutter_width=&#8220;1&#8243; custom_padding=&#8220;0px|0px|0px|0px&#8220; make_equal=&#8220;on&#8220; background_color_1=&#8220;rgba(216,206,199,0.4)&#8220; bg_img_2=&#8220;https:\/\/www.bwt-swissedition.ch\/cms\/wp-content\/uploads\/2018\/07\/BWT-US-Coffeshop-900&#215;600.jpg&#8220; background_position_1=&#8220;bottom_center&#8220; _builder_version=&#8220;3.5.1&#8243;][et_pb_column type=&#8220;1_2&#8243;][et_pb_cta admin_label=&#8220;Handlungsaufruf Kaffee oder Tee?&#8220; title=&#8220;Kaffee oder Tee?&#8220; button_url=&#8220;https:\/\/www.bwt-swissedition.ch\/cms\/service\/&#8220; _builder_version=&#8220;3.5.1&#8243; header_font=&#8220;Montserrat|700||on|||||&#8220; header_text_color=&#8220;#676c6e&#8220; header_font_size=&#8220;45px&#8220; header_font_size_phone=&#8220;35px&#8220; header_font_size_last_edited=&#8220;on|desktop&#8220; header_line_height=&#8220;1.3em&#8220; header_line_height_phone=&#8220;1.1em&#8220; header_line_height_last_edited=&#8220;on|phone&#8220; body_font=&#8220;|500|||||||&#8220; body_text_color=&#8220;#676c6e&#8220; body_font_size=&#8220;16px&#8220; body_line_height=&#8220;1.9em&#8220; use_background_color=&#8220;off&#8220; custom_button=&#8220;on&#8220; button_text_size=&#8220;16px&#8220; button_text_color=&#8220;#ffffff&#8220; button_bg_color=&#8220;#e5006c&#8220; button_border_color=&#8220;rgba(47,56,84,0)&#8220; button_border_radius=&#8220;60px&#8220; button_letter_spacing=&#8220;1px&#8220; button_font=&#8220;Montserrat|700||on|||||&#8220; button_use_icon=&#8220;off&#8220; button_text_color_hover=&#8220;#ffffff&#8220; button_bg_color_hover=&#8220;#005e90&#8243; button_border_radius_hover=&#8220;60px&#8220; button_letter_spacing_hover=&#8220;1px&#8220; button_alignment=&#8220;right&#8220; text_orientation=&#8220;right&#8220; background_layout=&#8220;light&#8220; max_width=&#8220;580px&#8220; max_width_last_edited=&#8220;on|desktop&#8220; module_alignment=&#8220;right&#8220; custom_margin_last_edited=&#8220;off|tablet&#8220; custom_padding=&#8220;100px|50px|80px|50px&#8220; custom_padding_last_edited=&#8220;on|desktop&#8220; animation_style=&#8220;zoom&#8220; animation_direction=&#8220;bottom&#8220; animation_intensity_zoom=&#8220;10%&#8220;]<\/p>\n<p style=\"text-align: right;\">Nicht nur pur genossen \u00fcberzeugt der Geschmack. Mit <strong>Magnesium mineralisiertes Trinkwasser<\/strong> bringt auch das Aroma von Tee und Kaffee optimal zur Geltung. Das Ergebnis ist ein nahezu neutraler pH-Wert, der Kenner das Wasser als besonders wohlschmeckend und weich empfinden l\u00e4sst.<\/p>\n<p>[\/et_pb_cta][\/et_pb_column][et_pb_column type=&#8220;1_2&#8243;][et_pb_divider show_divider=&#8220;off&#8220; height=&#8220;400px&#8220; _builder_version=&#8220;3.3.1&#8243;]<\/p>\n<p>&nbsp;<\/p>\n<p>[\/et_pb_divider][\/et_pb_column][\/et_pb_row][\/et_pb_section][et_pb_section bb_built=&#8220;1&#8243; admin_label=&#8220;Deals Section&#8220; _builder_version=&#8220;3.5.1&#8243; custom_padding=&#8220;0px|0px|0px|0px&#8220; prev_background_color=&#8220;#000000&#8243;][et_pb_row use_custom_gutter=&#8220;on&#8220; gutter_width=&#8220;1&#8243; custom_padding=&#8220;10px|0px|0px|0px&#8220; _builder_version=&#8220;3.3.1&#8243;][et_pb_column type=&#8220;1_2&#8243;][et_pb_image admin_label=&#8220;Bild Kaffeemaschine&#8220; src=&#8220;https:\/\/www.bwt-swissedition.ch\/cms\/wp-content\/uploads\/2018\/07\/BWT-US-Kaffemaschiene-900&#215;600.jpg&#8220; _builder_version=&#8220;3.5.1&#8243; animation_style=&#8220;zoom&#8220; animation_intensity_zoom=&#8220;10%&#8220;]<\/p>\n<p>&nbsp;<\/p>\n<p>[\/et_pb_image][et_pb_image admin_label=&#8220;Bild Tee&#8220; src=&#8220;https:\/\/www.bwt-swissedition.ch\/cms\/wp-content\/uploads\/2018\/07\/BWT-FO-Tee-900&#215;600.jpg&#8220; disabled_on=&#8220;on||&#8220; _builder_version=&#8220;3.5.1&#8243; custom_padding=&#8220;50px|||&#8220; animation_style=&#8220;zoom&#8220; animation_direction=&#8220;bottom&#8220; animation_intensity_zoom=&#8220;10%&#8220;]<\/p>\n<p>&nbsp;<\/p>\n<p>[\/et_pb_image][\/et_pb_column][et_pb_column type=&#8220;1_2&#8243;][et_pb_image admin_label=&#8220;Bild Kaffee&#8220; src=&#8220;https:\/\/www.bwt-swissedition.ch\/cms\/wp-content\/uploads\/2018\/07\/BWT-SE-FO-Espresso-900&#215;600.jpg&#8220; _builder_version=&#8220;3.5.1&#8243; animation_style=&#8220;zoom&#8220; animation_intensity_zoom=&#8220;10%&#8220;]<\/p>\n<p>&nbsp;<\/p>\n<p>[\/et_pb_image][et_pb_cta admin_label=&#8220;Handlungsaufruf Schmecken Sie den Unterschied&#8220; title=&#8220;Man schmeckt den Unterschied&#8220; button_url=&#8220;#top&#8220; button_text=&#8220;\u00dcberzeugen Sie sich&#8220; _builder_version=&#8220;3.5.1&#8243; header_font=&#8220;Montserrat|700||on|||||&#8220; header_text_color=&#8220;#676c6e&#8220; header_font_size=&#8220;45px&#8220; header_font_size_tablet=&#8220;35px&#8220; header_font_size_last_edited=&#8220;on|phone&#8220; header_line_height=&#8220;1.3em&#8220; body_font=&#8220;|500|||||||&#8220; body_text_color=&#8220;#676c6e&#8220; body_font_size=&#8220;16px&#8220; body_line_height=&#8220;1.9em&#8220; use_background_color=&#8220;off&#8220; custom_button=&#8220;on&#8220; button_text_size=&#8220;16px&#8220; button_text_color=&#8220;#ffffff&#8220; button_bg_color=&#8220;#e5006c&#8220; button_border_color=&#8220;rgba(47,56,84,0)&#8220; button_border_radius=&#8220;60px&#8220; button_letter_spacing=&#8220;1px&#8220; button_font=&#8220;Montserrat|700||on|||||&#8220; button_use_icon=&#8220;off&#8220; button_text_color_hover=&#8220;#ffffff&#8220; button_bg_color_hover=&#8220;#005e90&#8243; button_border_radius_hover=&#8220;66px&#8220; button_letter_spacing_hover=&#8220;1px&#8220; button_alignment=&#8220;left&#8220; text_orientation=&#8220;left&#8220; background_layout=&#8220;light&#8220; max_width=&#8220;580px&#8220; max_width_last_edited=&#8220;on|desktop&#8220; module_alignment=&#8220;left&#8220; custom_margin=&#8220;0px||100px|&#8220; custom_padding=&#8220;50px|30px|100px|0px&#8220; animation_style=&#8220;zoom&#8220; animation_intensity_zoom=&#8220;10%&#8220;]<\/p>\n<p>BWT sorgt mit der <strong>einzigartigen Magnesium Mineralisierung<\/strong> f\u00fcr den ges\u00fcnderen und besseren Geschmack.<\/p>\n<p>[\/et_pb_cta][\/et_pb_column][\/et_pb_row][\/et_pb_section]<\/p>\n","protected":false},"excerpt":{"rendered":"<p>WASSER IST NICHTGLEICH WASSER Alle Abl\u00e4ufe im K\u00f6rper sind von einer ausreichenden Wasserzufuhr abh\u00e4ngig und regelm\u00e4ssiges Wassertrinken st\u00e4rkt K\u00f6rper und Geist, erh\u00f6ht die Leistungsf\u00e4higkeit und Motivation. Lebensmittelexperten raten neben 2,5 Liter Wasser t\u00e4glich zus\u00e4tzlich auch 300 mg Magnesium zu sich zu nehmen. Der BWT Magnesium Filter ist der erste, der Leitungswasser nicht nur filtert, sondern [&hellip;]<\/p>\n","protected":false},"author":2,"featured_media":0,"parent":0,"menu_order":5,"comment_status":"closed","ping_status":"closed","template":"","meta":{"_et_pb_use_builder":"on","_et_pb_old_content":"","_et_gb_content_width":"","footnotes":""},"_links":{"self":[{"href":"https:\/\/www.bwt-swissedition.ch\/cms\/wp-json\/wp\/v2\/pages\/590"}],"collection":[{"href":"https:\/\/www.bwt-swissedition.ch\/cms\/wp-json\/wp\/v2\/pages"}],"about":[{"href":"https:\/\/www.bwt-swissedition.ch\/cms\/wp-json\/wp\/v2\/types\/page"}],"author":[{"embeddable":true,"href":"https:\/\/www.bwt-swissedition.ch\/cms\/wp-json\/wp\/v2\/users\/2"}],"replies":[{"embeddable":true,"href":"https:\/\/www.bwt-swissedition.ch\/cms\/wp-json\/wp\/v2\/comments?post=590"}],"version-history":[{"count":87,"href":"https:\/\/www.bwt-swissedition.ch\/cms\/wp-json\/wp\/v2\/pages\/590\/revisions"}],"predecessor-version":[{"id":933,"href":"https:\/\/www.bwt-swissedition.ch\/cms\/wp-json\/wp\/v2\/pages\/590\/revisions\/933"}],"wp:attachment":[{"href":"https:\/\/www.bwt-swissedition.ch\/cms\/wp-json\/wp\/v2\/media?parent=590"}],"curies":[{"name":"wp","href":"https:\/\/api.w.org\/{rel}","templated":true}]}}